4
Convert -74ad (base 15) to base 11.
-17604
-213011 (base 4) to base 11
-1974
153424 (base 6) to base 5
440224
-1b2 (base 13) to base 2
-100111010
What is 4617 (base 8) in base 14?
c6b
1210 (base 5) to base 15
c0
What is -127 (base 16) in base 3?
-101221
Convert -1101001000101111 (base 2) to base 5.
-3210212
-1021002201 (base 3) to base 4
-12010123
Convert 32501 (base 9) to base 12.
10577
What is -58 (base 15) in base 3?
-10002
12351 (base 7) to base 6
23050
What is -36a (base 14) in base 8?
-1252
Convert 21202 (base 3) to base 12.
155
Convert -25003 (base 7) to base 2.
-1100101111000
50ce (base 15) to base 2
100001010101101
Convert -155125 (base 8) to base 7.
-321645
Convert -10a62 (base 11) to base 4.
-3320233
11631 (base 9) to base 7
31516
Convert -1220011 (base 3) to base 11.
-1046
-21545 (base 9) to base 3
-201121112
Convert 3cc6 (base 13) to base 7.
34413
What is 4 (base 5) in base 4?
10
Convert -284 (base 13) to base 9.
-545
-3394 (base 10) to base 3
-11122201
-113b (base 14) to base 9
-4085
26550 (base 8) to base 10
11624
Convert 1515 (base 13) to base 15.
d90
-3212010 (base 4) to base 3
-202012100
Convert -31332 (base 4) to base 5.
-12034
What is 658 (base 12) in base 11?
778
-132314 (base 6) to base 5
-342324
What is -222251 (base 8) in base 5?
-4344141
17820 (base 11) to base 9
37200
Convert -55432 (base 9) to base 16.
-8fc3
1354 (base 7) to base 2
1000010001
Convert 10100111001 (base 2) to base 3.
1211112
What is -85a (base 12) in base 6?
-5354
What is 30806 (base 9) in base 15?
605c
What is 122130 (base 5) in base 14?
19b3
Convert 274 (base 11) to base 4.
11003
-530 (base 10) to base 4
-20102
What is -121121012 (base 3) in base 2?
-10111101000101
What is -420103 (base 5) in base 6?
-143442
-102231 (base 5) to base 2
-110101110001
7b8 (base 15) to base 2
11011010100
16e (base 15) to base 3
110012
What is -103022 (base 4) in base 2?
-10011001010
What is 110110111011 (base 2) in base 12?
204b
Convert -352 (base 13) to base 8.
-1076
Convert 682 (base 13) to base 10.
1120
What is 1110110100001001 (base 2) in base 3?
10002020110
-c3 (base 15) to base 13
-111
Convert 5944 (base 11) to base 14.
2ba8
Convert -127607 (base 8) to base 4.
-22332013
-1236 (base 11) to base 4
-121030
-5252 (base 8) to base 7
-10650
What is 1a52 (base 15) in base 8?
13106
What is 4c1 (base 13) in base 10?
833
Convert 998 (base 10) to base 6.
4342
-222120012 (base 3) to base 11
-13604
Convert -1226 (base 7) to base 6.
-2045
Convert -234235 (base 6) to base 4.
-10332233
5bd (base 14) to base 16
47b
-202222020 (base 3) to base 9
-22866
What is 3581 (base 16) in base 9?
20708
22140 (base 5) to base 16
609
-22 (base 10) to base 14
-18
What is -1022011 (base 5) in base 4?
-10023223
-110011001100000 (base 2) to base 4
-12121200
Convert -3203121 (base 4) to base 12.
-8509
-314 (base 8) to base 2
-11001100
333231 (base 4) to base 6
30513
What is 2a270 (base 11) in base 6?
530355
-11000100000 (base 2) to base 4
-120200
34205 (base 6) to base 14
1a8d
-18ed (base 16) to base 2
-1100011101101
Convert 13236 (base 7) to base 8.
6743
What is -676 (base 9) in base 15?
-270
Convert -1230 (base 4) to base 8.
-154
What is -22202 (base 6) in base 4?
-300122
-857 (base 13) to base 6
-10332
What is -3b2d (base 15) in base 11?
-9554
What is 10867 (base 9) in base 4?
1301212
110010011110 (base 2) to base 14
126a
What is -6c8 (base 13) in base 16?
-49a
-3525 (base 8) to base 7
-5321
Convert -4114 (base 5) to base 11.
-446
5544 (base 7) to base 2
11111001000
Convert 2045 (base 12) to base 3.
11210222
Convert 10011100100100 (base 2) to base 6.
114220
Convert 2411130 (base 5) to base 14.
12336
What is -930 (base 16) in base 15?
-a6c
Convert -7bc (base 14) to base 9.
-2088
What is 3020310 (base 5) in base 16?
bc4d
Convert -a411 (base 13) to base 2.
-101100010000100
What is -100121010 (base 3) in base 2?
-1101101010100
30201 (base 5) to base 6
12530
-130343 (base 6) to base 10
-11799
What is -167bc (base 13) in base 15?
-cb71
dd6 (base 14) to base 10
2736
101100202 (base 3) to base 6
54545
What is 12101 (base 4) in base 8?
621
-2786 (base 10) to base 9
-3735
Convert 16416 (base 9) to base 12.
6636
-a081 (base 14) to base 4
-12232201
What is -538 (base 14) in base 6?
-4434
What is -12d6a (base 14) in base 2?
-1011010111010010
1033 (base 7) to base 14
1c3
Convert 100011111 (base 2) to base 11.
241
-2016 (base 9) to base 8
-2701
-3126 (base 9) to base 7
-6453
What is 10000000111 (base 2) in base 15?
48b
What is -10333 (base 4) in base 9?
-384
What is 100010100110111 (base 2) in base 13?
80b0
-346 (base 8) to base 16
-e6
11526 (base 8) to base 16
1356
What is -3374 (base 9) in base 7?
-10165
7168 (base 9) to base 3
21012022
Convert 52130 (base 6) to base 10.
6966
Convert 2332221 (base 4) to base 6.
132253
What is 1100023 (base 4) in base 5?
131011
What is 100012 (base 5) in base 10?
3132
What is 3030 (base 8) in base 2?
11000011000
What is 13714 (base 10) in base 3?
200210221
Convert -1100100000101 (base 2) to base 10.
-6405
What is -6810 (base 11) in base 7?
-35065
472 (base 9) to base 5
3024
What is 1011001011 (base 2) in base 14?
391
-14145 (base 9) to base 8
-22577
10101111101101110 (base 2) to base 7
523202
What is 143a (base 14) in base 2?
110111111100
Convert -17201 (base 8) to base 15.
-24a9
What is 6dc (base 16) in base 6?
12044
What is -111010101010 (base 2) in base 7?
-13642
What is 2caa (base 14) in base 15?
257a
-103663 (base 8) to base 7
-203165
What is -144102 (base 7) in base 3?
-1102011220
-6687 (base 14) to base 9
-26322
370 (base 16) to base 8
1560
-301 (base 8) to base 7
-364
Convert 2210001 (base 3) to base 7.
5623
-1332240 (base 5) to base 16
-6a3b
Convert -a7a (base 12) to base 9.
-2084
6606 (base 8) to base 15
105c
2131 (base 6) to base 13
2b6
What is -18a1 (base 14) in base 12?
-26b1
Convert -2096 (base 10) to base 7.
-6053
-13127 (base 8) to base 5
-140334
What is -a80 (base 16) in base 9?
-3616
Convert -4541 (base 8) to base 16.
-961
What is -13617 (base 13) in base 8?
-106532
26334 (base 8) to base 9
16670
Convert -276d (base 14) to base 16.
-1b2d
-3314 (base 6) to base 8
-1376
-4129 (base 14) to base 10
-11209
What is -341 (base 13) in base 4?
-20300
Convert -5766 (base 13) to base 16.
-2fdc
-11233 (base 6) to base 15
-720
2444 (base 5) to base 16
176
Convert 2e6a (base 16) to base 6.
131002
Convert -2300101 (base 4) to base 15.
-3521
2110012 (base 3) to base 9
2405
What is -4a7 (base 12) in base 2?
-1010111111
What is -45415 (base 6) in base 9?
-8722
2230124 (base 5) to base 15
ba29
Convert 6195 (base 11) to base 5.
230321
103131 (base 4) to base 9
1633
-212223 (base 4) to base 15
-b00
Convert 20112 (base 4) to base 2.
1000010110
-1100002 (base 3) to base 2
-1111001110
Convert -332312 (base 4) to base 3.
-12111222
10031312 (base 4) to base 11
11a80
-22000 (base 6) to base 3
-11011000
-20312 (base 6) to base 12
-1698
Convert -1131111 (base 4) to base 9.
-8166
Convert -8eed (base 15) to base 7.
-154360
8ab2 (base 12) to base 4
3300212
Convert -153 (base 8) to base 4.
-1223
Convert 1120201 (base 3) to base 14.
5c5
What is -10a5 (base 11) in base 16?
-5a6
-54c5 (base 13) to base 16
-2e2e
What is 14226 (base 8) in base 4?
1202112
Convert -111110100101 (base 2) to base 7.
-14451
What is -1302201 (base 5) in base 14?
-9313
-19b (base 12) to base 16
-107
Convert 25021 (base 6) to base 14.
14b3
3431 (base 14) to base 4
2031203
33005 (base 8) to base 16
3605
What is 361 (base 9) in base 5?
2143
1332 (base 5) to base 7
430
What is -2131 (base 5) in base 16?
-123
What is -4a6 (base 14) in base 16?
-3a2
What is -24441 (base 6) in base 12?
-2121
-10321 (base 7) to base 16
-a03
What is 87b (base 16) in base 14?
b11
What is -3608 (base 12) in base 16?
-17a8
Convert -7110 (base 12) to base 9.
-17723
Convert 68298 (base 10) to base 2.
10000101011001010
360 (base 10) to base 5
2420
Convert 144401 (base 5) to base 14.
23aa
What is -1131012 (base 4) in base 16?
-1746
Convert 23897 (base 11) to base 3.
1202010012
Convert -a7 (base 11) to base 9.
-140
Convert 604 (base 12) to base 11.
71a
Convert -1821 (base 11) to base 14.
-bbc
What is 374 (base 12) in base 9?
637
1001011001010 (base 2) to base 9
6534
Convert -122200222 (base 3) to base 2.
-11001001101001
Convert -222102 (base 3) to